{"id":1240,"date":"2022-12-30T21:44:17","date_gmt":"2022-12-30T21:44:17","guid":{"rendered":"https:\/\/steinmetz-merker.com\/?page_id=1240"},"modified":"2023-01-02T18:23:51","modified_gmt":"2023-01-02T18:23:51","slug":"haeufige-fragen-faqs","status":"publish","type":"page","link":"https:\/\/steinmetz-merker.com\/?page_id=1240","title":{"rendered":"H\u00e4ufige Fragen\/FAQs"},"content":{"rendered":"\t\t<div data-elementor-type=\"wp-page\" data-elementor-id=\"1240\" class=\"elementor elementor-1240\">\n\t\t\t\t\t\t<section class=\"elementor-section elementor-top-section elementor-element elementor-element-fc35acf elementor-section-boxed elementor-section-height-default elementor-section-height-default\" data-id=\"fc35acf\" data-element_type=\"section\">\n\t\t\t\t\t\t<div class=\"elementor-container elementor-column-gap-default\">\n\t\t\t\t\t<div class=\"elementor-column elementor-col-100 elementor-top-column elementor-element elementor-element-024fc9c\" data-id=\"024fc9c\" data-element_type=\"column\">\n\t\t\t<div class=\"elementor-widget-wrap\">\n\t\t\t\t\t\t\t<\/div>\n\t\t<\/div>\n\t\t\t\t\t<\/div>\n\t\t<\/section>\n\t\t\t\t<section class=\"elementor-section elementor-top-section elementor-element elementor-element-20481dd elementor-section-boxed elementor-section-height-default elementor-section-height-default\" data-id=\"20481dd\" data-element_type=\"section\">\n\t\t\t\t\t\t<div class=\"elementor-container elementor-column-gap-default\">\n\t\t\t\t\t<div class=\"elementor-column elementor-col-100 elementor-top-column elementor-element elementor-element-855606a\" data-id=\"855606a\" data-element_type=\"column\">\n\t\t\t<div class=\"elementor-widget-wrap elementor-element-populated\">\n\t\t\t\t\t\t<div class=\"elementor-element elementor-element-3f4d0d4 elementor-widget elementor-widget-heading\" data-id=\"3f4d0d4\" data-element_type=\"widget\" data-widget_type=\"heading.default\">\n\t\t\t\t<div class=\"elementor-widget-container\">\n\t\t\t\t\t<h2 class=\"elementor-heading-title elementor-size-default\">Zu welchem Zeitpunkt kann ein Grabmal aufgestellt werden?<\/h2>\t\t\t\t<\/div>\n\t\t\t\t<\/div>\n\t\t\t\t<div class=\"elementor-element elementor-element-6cae1cb elementor-widget elementor-widget-text-editor\" data-id=\"6cae1cb\" data-element_type=\"widget\" data-widget_type=\"text-editor.default\">\n\t\t\t\t<div class=\"elementor-widget-container\">\n\t\t\t\t\t\t\t\t\t<p>Je nach Friedhof und Bodenbeschaffenheit kann der Zeitpunkt variieren. Bei Einzel- und Doppelerdbestattungsgr\u00e4bern sollte sich die Erde absetzen. Dies ist nicht nur f\u00fcr die Fundamentierung eines Grabmals wichtig und dauert ca. 6\u00a0 Monate (in Einzelf\u00e4llen auch bis zu 12 Monate). Bei Urnengr\u00e4bern ist eine Wartezeit nicht erforderlich, da keine gro\u00dfen Erdarbeiten n\u00f6tig sind.<\/p>\t\t\t\t\t\t\t\t<\/div>\n\t\t\t\t<\/div>\n\t\t\t\t\t<\/div>\n\t\t<\/div>\n\t\t\t\t\t<\/div>\n\t\t<\/section>\n\t\t\t\t<section class=\"elementor-section elementor-top-section elementor-element elementor-element-8354bf8 elementor-section-boxed elementor-section-height-default elementor-section-height-default\" data-id=\"8354bf8\" data-element_type=\"section\">\n\t\t\t\t\t\t<div class=\"elementor-container elementor-column-gap-default\">\n\t\t\t\t\t<div class=\"elementor-column elementor-col-100 elementor-top-column elementor-element elementor-element-463a59d\" data-id=\"463a59d\" data-element_type=\"column\">\n\t\t\t<div class=\"elementor-widget-wrap elementor-element-populated\">\n\t\t\t\t\t\t<div class=\"elementor-element elementor-element-879b2f8 elementor-widget elementor-widget-heading\" data-id=\"879b2f8\" data-element_type=\"widget\" data-widget_type=\"heading.default\">\n\t\t\t\t<div class=\"elementor-widget-container\">\n\t\t\t\t\t<h2 class=\"elementor-heading-title elementor-size-default\">Gibt es Vorschriften f\u00fcr Grabsteine?<\/h2>\t\t\t\t<\/div>\n\t\t\t\t<\/div>\n\t\t\t\t\t<\/div>\n\t\t<\/div>\n\t\t\t\t\t<\/div>\n\t\t<\/section>\n\t\t\t\t<section class=\"elementor-section elementor-top-section elementor-element elementor-element-080e6d2 elementor-section-boxed elementor-section-height-default elementor-section-height-default\" data-id=\"080e6d2\" data-element_type=\"section\">\n\t\t\t\t\t\t<div class=\"elementor-container elementor-column-gap-default\">\n\t\t\t\t\t<div class=\"elementor-column elementor-col-100 elementor-top-column elementor-element elementor-element-911dfdf\" data-id=\"911dfdf\" data-element_type=\"column\">\n\t\t\t<div class=\"elementor-widget-wrap elementor-element-populated\">\n\t\t\t\t\t\t<div class=\"elementor-element elementor-element-1a86dc0 elementor-widget elementor-widget-text-editor\" data-id=\"1a86dc0\" data-element_type=\"widget\" data-widget_type=\"text-editor.default\">\n\t\t\t\t<div class=\"elementor-widget-container\">\n\t\t\t\t\t\t\t\t\t<p>Ja, in der Friedhofsatzung legen die St\u00e4dte und Gemeinden fest, welche Bedingungen f\u00fcr den Friedhof gelten. Bis hin zu sachlich-fachlichen Eignungsnachweisen und j\u00e4hrlich zu entrichtenden Zulassungsgeb\u00fchren, um auf dem Friedhof \u00fcberhaupt arbeiten zu d\u00fcrfen. Diese Anforderungen erf\u00fcllen wir selbstverst\u00e4ndlich alle und\u00a0<span style=\"letter-spacing: 0px;\">erledigen gern<\/span><span style=\"letter-spacing: 0px;\">\u00a0die Genehmigungsformalit\u00e4ten f\u00fcr Sie, damit Ihr Grabmal den jeweiligen Satzungen entspricht.\u00a0\u00a0<\/span><\/p>\t\t\t\t\t\t\t\t<\/div>\n\t\t\t\t<\/div>\n\t\t\t\t\t<\/div>\n\t\t<\/div>\n\t\t\t\t\t<\/div>\n\t\t<\/section>\n\t\t\t\t<section class=\"elementor-section elementor-top-section elementor-element elementor-element-4cb25bf elementor-section-boxed elementor-section-height-default elementor-section-height-default\" data-id=\"4cb25bf\" data-element_type=\"section\">\n\t\t\t\t\t\t<div class=\"elementor-container elementor-column-gap-default\">\n\t\t\t\t\t<div class=\"elementor-column elementor-col-100 elementor-top-column elementor-element elementor-element-a78301e\" data-id=\"a78301e\" data-element_type=\"column\">\n\t\t\t<div class=\"elementor-widget-wrap elementor-element-populated\">\n\t\t\t\t\t\t<div class=\"elementor-element elementor-element-4546453 elementor-widget elementor-widget-heading\" data-id=\"4546453\" data-element_type=\"widget\" data-widget_type=\"heading.default\">\n\t\t\t\t<div class=\"elementor-widget-container\">\n\t\t\t\t\t<h2 class=\"elementor-heading-title elementor-size-default\">Woher kommen die Steine?<\/h2>\t\t\t\t<\/div>\n\t\t\t\t<\/div>\n\t\t\t\t\t<\/div>\n\t\t<\/div>\n\t\t\t\t\t<\/div>\n\t\t<\/section>\n\t\t\t\t<section class=\"elementor-section elementor-top-section elementor-element elementor-element-94db388 elementor-section-boxed elementor-section-height-default elementor-section-height-default\" data-id=\"94db388\" data-element_type=\"section\">\n\t\t\t\t\t\t<div class=\"elementor-container elementor-column-gap-default\">\n\t\t\t\t\t<div class=\"elementor-column elementor-col-100 elementor-top-column elementor-element elementor-element-1012138\" data-id=\"1012138\" data-element_type=\"column\">\n\t\t\t<div class=\"elementor-widget-wrap elementor-element-populated\">\n\t\t\t\t\t\t<div class=\"elementor-element elementor-element-2a6f2b8 elementor-widget elementor-widget-text-editor\" data-id=\"2a6f2b8\" data-element_type=\"widget\" data-widget_type=\"text-editor.default\">\n\t\t\t\t<div class=\"elementor-widget-container\">\n\t\t\t\t\t\t\t\t\t<p>Wir beziehen unser Steinmaterial als Rohblock mit bis zu 20 Tonnen Gewicht aus der ganzen Welt. Bevorzugt verwenden wir jedoch einheimische Materialien, zu denen unsere Kunden h\u00e4ufig einen emotionalen Bezug haben. Zudem versuchen wir einen m\u00f6glichst geringen \u00f6kologischen Fu\u00dfabdruck zu hinterlassen.<\/p>\t\t\t\t\t\t\t\t<\/div>\n\t\t\t\t<\/div>\n\t\t\t\t\t<\/div>\n\t\t<\/div>\n\t\t\t\t\t<\/div>\n\t\t<\/section>\n\t\t\t\t<section class=\"elementor-section elementor-top-section elementor-element elementor-element-13fecb4 elementor-section-boxed elementor-section-height-default elementor-section-height-default\" data-id=\"13fecb4\" data-element_type=\"section\">\n\t\t\t\t\t\t<div class=\"elementor-container elementor-column-gap-default\">\n\t\t\t\t\t<div class=\"elementor-column elementor-col-100 elementor-top-column elementor-element elementor-element-699ffb3\" data-id=\"699ffb3\" data-element_type=\"column\">\n\t\t\t<div class=\"elementor-widget-wrap elementor-element-populated\">\n\t\t\t\t\t\t<div class=\"elementor-element elementor-element-97b22e4 elementor-widget elementor-widget-heading\" data-id=\"97b22e4\" data-element_type=\"widget\" data-widget_type=\"heading.default\">\n\t\t\t\t<div class=\"elementor-widget-container\">\n\t\t\t\t\t<h2 class=\"elementor-heading-title elementor-size-default\">Was kostet ein Grabstein?<\/h2>\t\t\t\t<\/div>\n\t\t\t\t<\/div>\n\t\t\t\t\t<\/div>\n\t\t<\/div>\n\t\t\t\t\t<\/div>\n\t\t<\/section>\n\t\t\t\t<section class=\"elementor-section elementor-top-section elementor-element elementor-element-a58bac8 elementor-section-boxed elementor-section-height-default elementor-section-height-default\" data-id=\"a58bac8\" data-element_type=\"section\">\n\t\t\t\t\t\t<div class=\"elementor-container elementor-column-gap-default\">\n\t\t\t\t\t<div class=\"elementor-column elementor-col-100 elementor-top-column elementor-element elementor-element-87b710e\" data-id=\"87b710e\" data-element_type=\"column\">\n\t\t\t<div class=\"elementor-widget-wrap elementor-element-populated\">\n\t\t\t\t\t\t<div class=\"elementor-element elementor-element-32bdcf9 elementor-widget elementor-widget-text-editor\" data-id=\"32bdcf9\" data-element_type=\"widget\" data-widget_type=\"text-editor.default\">\n\t\t\t\t<div class=\"elementor-widget-container\">\n\t\t\t\t\t\t\t\t\t<p>Die Kosten einer Grabanlage bemessen sich nach dem Material,\u00a0 der Bearbeitung,\u00a0 der Gr\u00f6\u00dfe, die Art der Beschriftung, den Genehmigungsgeb\u00fchren, der Aufwand beim Aufbau auf dem Friedhof und der gesetzlichen Mehrwertsteuer.<\/p>\t\t\t\t\t\t\t\t<\/div>\n\t\t\t\t<\/div>\n\t\t\t\t\t<\/div>\n\t\t<\/div>\n\t\t\t\t\t<\/div>\n\t\t<\/section>\n\t\t\t\t<section class=\"elementor-section elementor-top-section elementor-element elementor-element-d11c829 elementor-section-boxed elementor-section-height-default elementor-section-height-default\" data-id=\"d11c829\" data-element_type=\"section\">\n\t\t\t\t\t\t<div class=\"elementor-container elementor-column-gap-default\">\n\t\t\t\t\t<div class=\"elementor-column elementor-col-100 elementor-top-column elementor-element elementor-element-0cf7708\" data-id=\"0cf7708\" data-element_type=\"column\">\n\t\t\t<div class=\"elementor-widget-wrap elementor-element-populated\">\n\t\t\t\t\t\t<div class=\"elementor-element elementor-element-ccdcef3 elementor-widget elementor-widget-heading\" data-id=\"ccdcef3\" data-element_type=\"widget\" data-widget_type=\"heading.default\">\n\t\t\t\t<div class=\"elementor-widget-container\">\n\t\t\t\t\t<h2 class=\"elementor-heading-title elementor-size-default\">Machen Sie Schrifterg\u00e4nzungen bei vorhandenen Grabsteinen?<\/h2>\t\t\t\t<\/div>\n\t\t\t\t<\/div>\n\t\t\t\t\t<\/div>\n\t\t<\/div>\n\t\t\t\t\t<\/div>\n\t\t<\/section>\n\t\t\t\t<section class=\"elementor-section elementor-top-section elementor-element elementor-element-c3d2c99 elementor-section-boxed elementor-section-height-default elementor-section-height-default\" data-id=\"c3d2c99\" data-element_type=\"section\">\n\t\t\t\t\t\t<div class=\"elementor-container elementor-column-gap-default\">\n\t\t\t\t\t<div class=\"elementor-column elementor-col-100 elementor-top-column elementor-element elementor-element-42f5142\" data-id=\"42f5142\" data-element_type=\"column\">\n\t\t\t<div class=\"elementor-widget-wrap elementor-element-populated\">\n\t\t\t\t\t\t<div class=\"elementor-element elementor-element-08eab86 elementor-widget elementor-widget-text-editor\" data-id=\"08eab86\" data-element_type=\"widget\" data-widget_type=\"text-editor.default\">\n\t\t\t\t<div class=\"elementor-widget-container\">\n\t\t\t\t\t\t\t\t\t<p>Ja, hierf\u00fcr sollten Sie pers\u00f6nlich mit uns in Kontakt treten, da es sehr viele verschiedenen M\u00f6glichkeiten gibt, wie z.B. ist noch Platz f\u00fcr eine Inschrift oder gibt es die Schriftart noch.<\/p><p>Alternativ ist es auch m\u00f6glich, weitere Schriftsteine auf der Grabfl\u00e4che, meist mit einer zus\u00e4tzlichen Abdeckplatte, anzubringen.<\/p>\t\t\t\t\t\t\t\t<\/div>\n\t\t\t\t<\/div>\n\t\t\t\t\t<\/div>\n\t\t<\/div>\n\t\t\t\t\t<\/div>\n\t\t<\/section>\n\t\t\t\t<section class=\"elementor-section elementor-top-section elementor-element elementor-element-3257bcb elementor-section-boxed elementor-section-height-default elementor-section-height-default\" data-id=\"3257bcb\" data-element_type=\"section\">\n\t\t\t\t\t\t<div class=\"elementor-container elementor-column-gap-default\">\n\t\t\t\t\t<div class=\"elementor-column elementor-col-100 elementor-top-column elementor-element elementor-element-742236f\" data-id=\"742236f\" data-element_type=\"column\">\n\t\t\t<div class=\"elementor-widget-wrap elementor-element-populated\">\n\t\t\t\t\t\t<div class=\"elementor-element elementor-element-e4a05f3 elementor-widget elementor-widget-heading\" data-id=\"e4a05f3\" data-element_type=\"widget\" data-widget_type=\"heading.default\">\n\t\t\t\t<div class=\"elementor-widget-container\">\n\t\t\t\t\t<h2 class=\"elementor-heading-title elementor-size-default\">Wie kann ich meine Grabanlage instand halten\/ver\u00e4ndern\/pflegen?<\/h2>\t\t\t\t<\/div>\n\t\t\t\t<\/div>\n\t\t\t\t<div class=\"elementor-element elementor-element-0bc11ce elementor-widget elementor-widget-text-editor\" data-id=\"0bc11ce\" data-element_type=\"widget\" data-widget_type=\"text-editor.default\">\n\t\t\t\t<div class=\"elementor-widget-container\">\n\t\t\t\t\t\t\t\t\t<ul><li>Wir reinigen Ihre Grabanlage.<\/li><li>Wir t\u00f6nen\/patinieren Schriften\/Ornamente nach.<\/li><li>Wir impr\u00e4gnieren ihren Naturstein (macht nur bei einigen Materialien Sinn).<\/li><li>Wir erneuern Fundamente und setzen Grabanlagen neu.<\/li><li>\u00a0&#8230;<\/li><\/ul>\t\t\t\t\t\t\t\t<\/div>\n\t\t\t\t<\/div>\n\t\t\t\t<div class=\"elementor-element elementor-element-0b5d670 elementor-widget elementor-widget-heading\" data-id=\"0b5d670\" data-element_type=\"widget\" data-widget_type=\"heading.default\">\n\t\t\t\t<div class=\"elementor-widget-container\">\n\t\t\t\t\t<h2 class=\"elementor-heading-title elementor-size-default\">L\u00e4sst sich ein Grabstein wieder verwenden?<\/h2>\t\t\t\t<\/div>\n\t\t\t\t<\/div>\n\t\t\t\t<div class=\"elementor-element elementor-element-60fb787 elementor-widget elementor-widget-text-editor\" data-id=\"60fb787\" data-element_type=\"widget\" data-widget_type=\"text-editor.default\">\n\t\t\t\t<div class=\"elementor-widget-container\">\n\t\t\t\t\t\t\t\t\t<p>Selbstverst\u00e4ndlich! Naturstein hat eine &#8222;Lebensdauer&#8220; von vielen hundert Jahren. Hier gibt es nat\u00fcrlich weniger und mehr haltbare Steinmaterialien.\u00a0<\/p><p>Wir haben die Maschinen und die M\u00f6glichkeiten jeden Stein komplett neu zu bearbeiten (z.B. eine neue Form zu geben, Oberfl\u00e4chen anders zu bearbeiten, Schriftfl\u00e4chen abzuschleifen und neu zu beschriften, &#8230;).<\/p><p>Nat\u00fcrlich k\u00f6nnen wir keinen Stein gr\u00f6\u00dfer schneiden. Besonders beim Abschleifen von Schriften muss allerdings ber\u00fccksichtigt werden, dass es Mindestst\u00e4rken gibt, die zu beachten sind.<\/p>\t\t\t\t\t\t\t\t<\/div>\n\t\t\t\t<\/div>\n\t\t\t\t<div class=\"elementor-element elementor-element-0537e1a elementor-widget elementor-widget-heading\" data-id=\"0537e1a\" data-element_type=\"widget\" data-widget_type=\"heading.default\">\n\t\t\t\t<div class=\"elementor-widget-container\">\n\t\t\t\t\t<h2 class=\"elementor-heading-title elementor-size-default\">Welche Arten von Grabmalen bieten Sie an?<\/h2>\t\t\t\t<\/div>\n\t\t\t\t<\/div>\n\t\t\t\t\t<\/div>\n\t\t<\/div>\n\t\t\t\t\t<\/div>\n\t\t<\/section>\n\t\t\t\t<section class=\"elementor-section elementor-top-section elementor-element elementor-element-96515f7 elementor-section-boxed elementor-section-height-default elementor-section-height-default\" data-id=\"96515f7\" data-element_type=\"section\">\n\t\t\t\t\t\t<div class=\"elementor-container elementor-column-gap-default\">\n\t\t\t\t\t<div class=\"elementor-column elementor-col-100 elementor-top-column elementor-element elementor-element-5b4c286\" data-id=\"5b4c286\" data-element_type=\"column\">\n\t\t\t<div class=\"elementor-widget-wrap elementor-element-populated\">\n\t\t\t\t\t\t<div class=\"elementor-element elementor-element-725ca23 elementor-widget elementor-widget-text-editor\" data-id=\"725ca23\" data-element_type=\"widget\" data-widget_type=\"text-editor.default\">\n\t\t\t\t<div class=\"elementor-widget-container\">\n\t\t\t\t\t\t\t\t\t<p>F\u00fcr Urnengr\u00e4ber, Erdgr\u00e4ber, Wiesen- und Baumgr\u00e4ber, Kolumbarien, Urnengemeinschaftsgr\u00e4ber, Urnenw\u00e4nde, von Ihnen gestaltete Grabmale,\u00a0<span style=\"letter-spacing: 0px;\">vom Schlosser geschmiedete Kreuze und vieles mehr\u2026.<\/span><\/p><p><span style=\"letter-spacing: 0px;\">Eigentlich finden wir f\u00fcr alles eine L\u00f6sung!<\/span><\/p>\t\t\t\t\t\t\t\t<\/div>\n\t\t\t\t<\/div>\n\t\t\t\t\t<\/div>\n\t\t<\/div>\n\t\t\t\t\t<\/div>\n\t\t<\/section>\n\t\t\t\t<section class=\"elementor-section elementor-top-section elementor-element elementor-element-3882c7b elementor-section-boxed elementor-section-height-default elementor-section-height-default\" data-id=\"3882c7b\" data-element_type=\"section\">\n\t\t\t\t\t\t<div class=\"elementor-container elementor-column-gap-default\">\n\t\t\t\t\t<div class=\"elementor-column elementor-col-100 elementor-top-column elementor-element elementor-element-03456b3\" data-id=\"03456b3\" data-element_type=\"column\">\n\t\t\t<div class=\"elementor-widget-wrap elementor-element-populated\">\n\t\t\t\t\t\t<div class=\"elementor-element elementor-element-30c9b44 elementor-widget elementor-widget-heading\" data-id=\"30c9b44\" data-element_type=\"widget\" data-widget_type=\"heading.default\">\n\t\t\t\t<div class=\"elementor-widget-container\">\n\t\t\t\t\t<h2 class=\"elementor-heading-title elementor-size-default\">In welchem Umkreis arbeiten Sie?<\/h2>\t\t\t\t<\/div>\n\t\t\t\t<\/div>\n\t\t\t\t\t<\/div>\n\t\t<\/div>\n\t\t\t\t\t<\/div>\n\t\t<\/section>\n\t\t\t\t<section class=\"elementor-section elementor-top-section elementor-element elementor-element-c7fc077 elementor-section-boxed elementor-section-height-default elementor-section-height-default\" data-id=\"c7fc077\" data-element_type=\"section\">\n\t\t\t\t\t\t<div class=\"elementor-container elementor-column-gap-default\">\n\t\t\t\t\t<div class=\"elementor-column elementor-col-100 elementor-top-column elementor-element elementor-element-0b630a1\" data-id=\"0b630a1\" data-element_type=\"column\">\n\t\t\t<div class=\"elementor-widget-wrap elementor-element-populated\">\n\t\t\t\t\t\t<div class=\"elementor-element elementor-element-cea8032 elementor-widget elementor-widget-text-editor\" data-id=\"cea8032\" data-element_type=\"widget\" data-widget_type=\"text-editor.default\">\n\t\t\t\t<div class=\"elementor-widget-container\">\n\t\t\t\t\t\t\t\t\t<div id=\"cc-m-8968341476\" class=\"j-module n j-text \"><p>Grunds\u00e4tzlich arbeiten wir \u00fcberall wo Sie uns beauftragen. F\u00fcr genauere Details kontaktieren Sie uns einfach.<\/p><\/div><div id=\"cc-m-8961831376\" class=\"j-module n j-spacing \">\u00a0<\/div>\t\t\t\t\t\t\t\t<\/div>\n\t\t\t\t<\/div>\n\t\t\t\t\t<\/div>\n\t\t<\/div>\n\t\t\t\t\t<\/div>\n\t\t<\/section>\n\t\t\t\t<section class=\"elementor-section elementor-top-section elementor-element elementor-element-531aa88 elementor-section-boxed elementor-section-height-default elementor-section-height-default\" data-id=\"531aa88\" data-element_type=\"section\">\n\t\t\t\t\t\t<div class=\"elementor-container elementor-column-gap-default\">\n\t\t\t\t\t<div class=\"elementor-column elementor-col-100 elementor-top-column elementor-element elementor-element-ffb7d9c\" data-id=\"ffb7d9c\" data-element_type=\"column\">\n\t\t\t<div class=\"elementor-widget-wrap elementor-element-populated\">\n\t\t\t\t\t\t<div class=\"elementor-element elementor-element-e927607 elementor-widget elementor-widget-heading\" data-id=\"e927607\" data-element_type=\"widget\" data-widget_type=\"heading.default\">\n\t\t\t\t<div class=\"elementor-widget-container\">\n\t\t\t\t\t<h2 class=\"elementor-heading-title elementor-size-default\">Haben Sie einen Katalog?<\/h2>\t\t\t\t<\/div>\n\t\t\t\t<\/div>\n\t\t\t\t\t<\/div>\n\t\t<\/div>\n\t\t\t\t\t<\/div>\n\t\t<\/section>\n\t\t\t\t<section class=\"elementor-section elementor-top-section elementor-element elementor-element-8e96375 elementor-section-boxed elementor-section-height-default elementor-section-height-default\" data-id=\"8e96375\" data-element_type=\"section\">\n\t\t\t\t\t\t<div class=\"elementor-container elementor-column-gap-default\">\n\t\t\t\t\t<div class=\"elementor-column elementor-col-100 elementor-top-column elementor-element elementor-element-23224dd\" data-id=\"23224dd\" data-element_type=\"column\">\n\t\t\t<div class=\"elementor-widget-wrap elementor-element-populated\">\n\t\t\t\t\t\t<div class=\"elementor-element elementor-element-e4d9edf elementor-widget elementor-widget-text-editor\" data-id=\"e4d9edf\" data-element_type=\"widget\" data-widget_type=\"text-editor.default\">\n\t\t\t\t<div class=\"elementor-widget-container\">\n\t\t\t\t\t\t\t\t\t<p>Auf Anfrage stellen wir Ihnen gerne Anschauungsmaterial zur Verf\u00fcgung.<\/p>\t\t\t\t\t\t\t\t<\/div>\n\t\t\t\t<\/div>\n\t\t\t\t\t<\/div>\n\t\t<\/div>\n\t\t\t\t\t<\/div>\n\t\t<\/section>\n\t\t\t\t<\/div>\n\t\t","protected":false},"excerpt":{"rendered":"<p>Zu welchem Zeitpunkt kann ein Grabmal aufgestellt werden? Je nach Friedhof und Bodenbeschaffenheit kann der Zeitpunkt variieren. Bei Einzel- und Doppelerdbestattungsgr\u00e4bern sollte sich die Erde absetzen. Dies ist nicht nur f\u00fcr die Fundamentierung eines Grabmals wichtig und dauert ca. 6\u00a0 Monate (in Einzelf\u00e4llen auch bis zu 12 Monate). Bei Urnengr\u00e4bern ist eine Wartezeit nicht erforderlich,&hellip;<\/p>\n","protected":false},"author":1,"featured_media":454,"parent":0,"menu_order":0,"comment_status":"closed","ping_status":"closed","template":"","meta":{"footnotes":""},"class_list":["post-1240","page","type-page","status-publish","has-post-thumbnail","hentry"],"_links":{"self":[{"href":"https:\/\/steinmetz-merker.com\/index.php?rest_route=\/wp\/v2\/pages\/1240","targetHints":{"allow":["GET"]}}],"collection":[{"href":"https:\/\/steinmetz-merker.com\/index.php?rest_route=\/wp\/v2\/pages"}],"about":[{"href":"https:\/\/steinmetz-merker.com\/index.php?rest_route=\/wp\/v2\/types\/page"}],"author":[{"embeddable":true,"href":"https:\/\/steinmetz-merker.com\/index.php?rest_route=\/wp\/v2\/users\/1"}],"replies":[{"embeddable":true,"href":"https:\/\/steinmetz-merker.com\/index.php?rest_route=%2Fwp%2Fv2%2Fcomments&post=1240"}],"version-history":[{"count":72,"href":"https:\/\/steinmetz-merker.com\/index.php?rest_route=\/wp\/v2\/pages\/1240\/revisions"}],"predecessor-version":[{"id":1376,"href":"https:\/\/steinmetz-merker.com\/index.php?rest_route=\/wp\/v2\/pages\/1240\/revisions\/1376"}],"wp:featuredmedia":[{"embeddable":true,"href":"https:\/\/steinmetz-merker.com\/index.php?rest_route=\/wp\/v2\/media\/454"}],"wp:attachment":[{"href":"https:\/\/steinmetz-merker.com\/index.php?rest_route=%2Fwp%2Fv2%2Fmedia&parent=1240"}],"curies":[{"name":"wp","href":"https:\/\/api.w.org\/{rel}","templated":true}]}}